(3).
-11
Suppose 5*h + 5 - 16 = -2*c, -4*c + 4*h + 8 = 0. Let b(o) = -588*o**2 + 2 + o**3 + 3*o + 583*o**2 - 3. Calculate b(c).
-10
Let d(i) = -403*i**3 + 5 - 408*i**3 + 813*i**3 - 2*i - 3*i**2. Determine d(2).
5
Let w(o) = -101*o**2 + 48*o**2 + 5 + 3 + o**3 + 46*o**2. What is w(7)?
8
Let k(a) = 102*a**2 + 6*a - 91. Let g(v) = 17*v**2 + v - 14. Let t(f) = -13*g(f) + 2*k(f). Calculate t(-2).
-66
Let s(c) = 2*c**2 - 3*c + c + 3*c**3 - 10041 + 10042. Determine s(1).
4
Suppose -14 = 3*j - 5. Let h(w) = -13*w**2 - 1. Let z(n) = 24*n**2 + 2. Let g(v) = j*z(v) - 5*h(v). Determine g(1).
-8
Suppose 4*g + 500 = 540. Let n(d) = d**3 - 11*d**2 + 9*d + 7. Give n(g).
-3
Let j = 379 - 7579/20. Let q(g) be the second derivative of -5*g + 0 - 1/2*g**2 - j*g**5 + g**3 + 1/3*g**4. Give q(5).
4
Let n(q) be the second derivative of -23*q + 1/6*q**4 + 0 + 0*q**2 + 2/3*q**3. Calculate n(-3).
6
Suppose z - 33 = n, -4*z + 180 = 3*n + 34. Let d(y) = -y - 24 - 20 + z. Calculate d(-8).
-1
Let g = -1215 + 1209. Let l(f) = -f**2 - 12*f - 32. Determine l(g).
4
Let w(m) be the second derivative of -m**3/3 - 5*m**2 + 64*m. Calculate w(-11).
12
Let s(x) = -4*x**2 - 5*x - 5. Let u be 3*(88/(-72) - -1)*3. Determine s(u).
-11
Let l be (-24)/(-48) - (-6)/4. Let m(b) = 5*b - 7 + 0*b**l + b**2 + 12. Let x(g) = -g**2 + 7*g - 4. Let t be x(7). What is m(t)?
1
Suppose -3*f - 7 = -2*n, 3*f = -2*n + 2 + 11. Let m = 2 + -2. Let p(j) = m - 2*j + 1 - j**2 + 9*j. Determine p(n).
11
Let s = -5794 + 5800. Let c = 3 + -2. Let j(y) = -6*y + 3*y**3 - 4*y**3 - c + 7*y**2 - 2. What is j(s)?
-3
Let d(k) = -k**3 + 4*k**2 - 7*k + 5. Let w be d(4). Let y = w - -21. Let z(u) = -2*u**3 - 2*u**2. Give z(y).
8
Suppose 0 = -4*o + 8, 2*i = -0*i + 3*o - 12. Let v(b) = -b**3 - 6*b**2 - 3*b + 4. What is v(i)?
-14
Let q(n) = -3*n**2 + 37*n + n**3 - 1 + 39*n - 72*n. Calculate q(4).
31
Let u(g) = -16*g + 29*g + 0 + 1. Let x(k) = -6*k. Let q(c) = 2*u(c) + 5*x(c). Determine q(2).
-6
Let q(r) = -6*r**2 - 12*r + 55. Let u(z) = -7*z**2 - 13*z + 67. Let i(m) = 6*q(m) - 5*u(m). Suppose -x = 2 + 3. What is i(x)?
5
Let y(b) = -4*b**3 - b**2 + 1. Let u(v) = v**2 - 12*v - 14. Let m be u(13). Let o be m/(-5 - (-2 + -2)). Give y(o).
-4
Suppose 5*n + 3*l = -22, -2*n - 2*l = 9 + 3. Let i(z) = -3*z**3 - 3*z**2 - z. Give i(n).
14
Let i(g) be the second derivative of -g**4/12 - 2*g**3 + 9*g**2/2 + 51*g. Determine i(-11).
20
Let o(q) be the third derivative of -q**5/60 - 3*q**4/8 - 2*q**3/3 - 149*q**2. Give o(-6).
14
Let o(i) = 3 - 2 - 3 + 3*i. Let l(k) = k**3 - k**2 - 3*k + 1. Let r be l(3). Suppose 0 = s + 8 - r. Calculate o(s).
4
Let r(k) = k**2 + 5*k - 1. Let h = 0 - -13. Suppose -3*z - 2 = h. Give r(z).
-1
Let p be (527/(-119) - (-6)/14) + 16. Let l(u) = -u**3 + 11*u**2 + 12*u - 15. Calculate l(p).
-15
Let o be (-5 + (2 - -1))*(-2 + -1). Let b(n) = -n**3 + 5*n**2 + 3*n + 8. What is b(o)?
-10
Let i(x) = -x**3 - 4*x**2. Suppose 4*a + 5*f = -20, 5*f + 24 - 4 = -2*a. Suppose a = -18*q + 20*q + 6. What is i(q)?
-9
Let d(s) = -s. Let k(g) = 6*g - 5. Let n(i) = -5*d(i) - k(i). Let u(o) = 3*o**3 + 3*o**3 + 3*o**3 - 10*o**3 + 7*o + 6*o**2. Let y be u(7). Give n(y).
5
Let o(t) = t**2 + 10*t + 7. Let i(h) = -h**2 - 10*h - 7. Let m(n) = 6*i(n) + 7*o(n). Calculate m(-7).
-14
Let j be (-273)/(-35) - 2/(-10). Let y(x) = x**3 - 7*x**2 - 7*x - 2. Calculate y(j).
6
Let f(u) = -9*u - 7 + 8*u**2 + 11*u**2 - 18*u**2 - 2*u. Calculate f(11).
-7
Let o = -21 + 24. Suppose -o*w + 27 = -3*d, -17 = d - 5*w + 2*w. Let z(s) = -s - 3. Calculate z(d).
2
Let i(f) = -f**2 - 2*f - 1. Let a(z) = z**3 + z**2. Let b(j) = 2*a(j) + i(j). Suppose -3*g - 5*h + 9 = 0, 4*g = g - 4*h + 6. Determine b(g).
-9
Let m(p) be the third derivative of -p**7/2520 + 7*p**6/720 - 7*p**4/24 + 11*p**2. Let b(d) be the second derivative of m(d). Give b(5).
10
Let q(h) = -3*h - 3. Suppose 5*l - 2*y + y + 20 = 0, -l = 4*y + 4. Let i = l + 11. Suppose 2*z = -o - 2*z - i, 2*o = 3*z - 3. What is q(o)?
6
Let i(f) = -2*f**2 + f. Suppose 0*q = -2*q + 6. Suppose -4*n - 2*v = -4 + 2, -5*v - 21 = -q*n. Give i(n).
-6
Suppose 0 = -6*v + 34 - 10. Suppose -2*o = -8 - v. Let s(j) be the second derivative of j**5/20 - j**4/2 - j**3/3 + 5*j**2/2 - j. Calculate s(o).
-7
Let v(q) be the first derivative of q**4/4 + 2*q**3/3 + q**2/2 + q - 5. Suppose 15 = 88*a - 93*a. Give v(a).
-11
Let i(s) be the third derivative of s**5/60 - s**4/12 + s**3/2 - 22*s**2 + 1. What is i(3)?
6
Let x be (2 + 1)/((-87)/(-232)). Let q(m) = -m**2 + 4*m + 27. What is q(x)?
-5
Let z be 4/14 - 2/7. Let q(p) = 2*p - 25. Let d(r) = r - 23. Let s(w) = -3*d(w) + 2*q(w). What is s(z)?
19
Let f = 443 + -441. Let x(k) = k**3 - k**2 - 1. Calculate x(f).
3
Let b(s) be the first derivative of -s**3 + s**2/2 + 3*s + 412. Give b(4).
-41
Let a(i) = i**3 + 4*i**2 + i + 1. Let v be a(-4). Let b(x) be the first derivative of 1/2*x**2 - 3*x + 2. Calculate b(v).
-6
Let w be -1 + (-5 - 5 - -8). Let o(d) = 9*d. Calculate o(w).
-27
Let w(m) = 3*m**3 - 2*m**2 - m. Suppose 0 = -9*u + 13*u + 4. Determine w(u).
-4
Let l = -35 - -38. Let d be 0 - l/2*(-4)/(-3). Let b(o) = o**3 + o**2 + 4*o + 3. Calculate b(d).
-9
Let r(d) = -d**2 + 20*d + 2. Let u be r(20). Let p(q) = -19 - u*q + 42 - 22. Give p(2).
-3
Let x(j) = -j**2 - 12*j - 11. Let z(w) = -w**2 - 13*w - 12. Let v(l) = 4*x(l) - 3*z(l). Give v(-9).
-8
Let n = -87 + 81. Let t(u) = u**3 + 4*u**2 - 9*u - 1. Calculate t(n).
-19
Let b = -54 + 54. Let n(i) = i**2 - i - 12. What is n(b)?
-12
Let w(o) = -o**2 + 6*o - 9. Suppose 5*m = 4*m - 1. Let t be (3 - -1) + (m - 0). Suppose t = d + 2, 4*f = -4*d + 28. What is w(f)?
-9
Let b(k) = -8*k + 106. Let l be b(13). Let y(n) = 3*n**2 - 6*n + 2. Give y(l).
2
Let m(c) = c + 0*c + c**3 + 290 - 289 + 3*c**2. Let k(o) = -o**3 + 16*o**2 + o - 19. Let v be k(16). Calculate m(v).
-2
Let g(k) = -k + 7. Let v(l) be the second derivative of -5/6*l**3 - 1/12*l**4 + 0 - l**2 - 6*l. Let x be v(-3). What is g(x)?
3
Let x(q) be the first derivative of q**4/4 + q**3/3 - 21*q**2 + 1. Let r(y) be the second derivative of x(y). Give r(-2).
-10
Let p(z) = -z**2 - 3*z + 3. Let r be (2/(-2) - 0) + 4. Suppose t = -2*o - 8 - 13, 4*o + 47 = r*t. Let w = 6 + o. What is p(w)?
-7
Let o(l) = -l**2 - 9*l + 5. Let j be ((7 - 11/2) + 3)*-2. What is o(j)?
5
Let x = 489 + -487. Let t(w) be the first derivative of -1/2*w**x - 10*w + 5. Determine t(0).
-10
Let m(w) = w**2 + w + 1. Let l(i) = -5*i**2 - 10*i - 10. Let n(k) = l(k) + 25*m(k). Let t(f) = -3*f**2 - 2*f - 2. Let b(o) = -2*n(o) - 15*t(o). Determine b(1).
5
Let b(r) be the first derivative of -r**3 + r**2 - r - 250. Suppose 5*s = -5*d - 10, 5*s - 17 = 7*d - 3*d. Give b(s).
-2
Let s be (-4)/(-10) - (-52)/20. Suppose r + 0*r + s = 0. Let v(k) = 2*k + 4. Determine v(r).
-2
Let r(c) be the second derivative of c**7/840 + c**6/72 + c**4/12 + c**3/3 + 3*c. Let t(v) be the second derivative of r(v). Determine t(-5).
2
Let g(p) be the third derivative of -p**5/20 - p**4/12 - p**3/2 - 36*p**2. Determine g(-2).
-11
Let r(n) = -n**3 + 4*n**2 + 5*n + 1. Suppose 2*u - 21 = -5*b, 6*u - 10*u - 2*b = -18. Let f be (-3 + 3 - -2) + u/1. Calculate r(f).
1
Let y(s) be the third derivative of s**4/8 - 8*s**3/3 - s**2 - 95*s. Determine y(8).
8
Let d = 0 + 0. Let c(g) = g**2 + 22*g - 21. Let n be c(-23). Let r(z) = -4*z + d*z + 5*z - n*z. Give r(-3).
3
Let o(c) = c**3 + 4*c**2 - 3*c - 4. Let b = -98 - -94. Calculate o(b).
8
Let o(u) = -u**3 + 11*u**2 - 8*u - 17. Let l be o(10). Suppose -3*w = 5*s + 8, -4*w - s = -2*w + l. Let z(v) = 12*v**2 - 1. Give z(w).
11
Suppose 51*i - 33 = 62*i. Let v(x) = -5*x**2 + 1. Give v(i).
-44
Let s(b) = b - 1. Suppose 3*w - 3*c - 18 = 0, 7*c = 3*c - 12. Let m(y) = 1. Let g(q) = w*m(q) + 2*s(q). Suppose 4*v = 24 - 4. Determine g(v).
11
Let q(o) = 576*o**2 + o**3 + 14*o - 17*o - 582*o**2 - 19. Give q(7).
9
Let s(u) = -u**2 + 5*u + 4. Let k(q) = -q**2 + 4*q + 3. Let z(n) = 5*k(n) - 4*s(n). Calculate z(-3).
-10
Let x(t) = 9*t**3 - t**2 - 5. Let r(m) = 19*m**3 - 2*m**2 - 11. Let k(l) = 3*r(l) - 7*x(l). What is k(-2)?
54
Let f(u) = 2*u + 56. Let x(v) = 3*v + 72. Let m(q) = 4*f(q) - 3*x(q). Let b be 2/(-5) - 136/10. Let z be 4/14 + (-94)/b. Determine m(z).
1
Let n(r) = 2*r**2 - 3*r + 1. Let j(p) = -3*p**2 + 4*p. Let w(k) = 3*j(k) + 4*n(k). G